REPLACE INTO `rvs_category` (`rvs_category_id`, `category_name`, `category_sh_name`) VALUES ('25', 'Technology & Electronics', 'te');
REPLACE INTO `rvs_charset` (`charset_id`, `charset_name`, `charset_value`, `xml_lang`) VALUES ('17', 'english', 'iso-8859-15', 'en');
REPLACE INTO `rvs_color` (`color_id`, `color_name`, `color_code`) VALUES ('25', 'Green', '008000');
REPLACE INTO `rvs_color_group` (`color_group_id`, `color_id`) VALUES ('4', '25');
REPLACE INTO `rvs_color_group_name` (`color_group_id`, `default_color_id`) VALUES ('4', '28');
REPLACE INTO `rvs_font` (`font_id`, `font_name`) VALUES ('12', 'Verdana');
REPLACE INTO `rvs_layout_template` (`layout_template_id`, `layout_template_name`, `layout_template_data`, `layout_template_desc`, `layout_template_preview`, `layout_template_head`, `layout_group_id`) VALUES ('8c76128c03ab75495ae455c04c0cbc25', 'Commerce style 2', '<!-- ####### LAYOUT CSS: MODIFY COLOR, FONT AND BOX SIZE HERE BUT DO NOT DELETE. ####### -->\r\n\r\n<style type=\"text/css\">\r\n.ftype02border {border:#D1D1D1 solid 1px;}\r\n.ftype02bgblock01_r{\r\n	background-color:#D6D3CE;\r\n	border:#D1D1D1 solid 1px;\r\n}\r\n.ftype02head{\r\n	font-size:110%;\r\n	color:#FFFFFF;\r\n	font-weight:bold;\r\n	background-color:#A7A7A7; \r\n}	\r\n.ftype02subhead{\r\n	font-size:110%;\r\n	color:#57533D;\r\n	font-weight:bold;\r\n	padding-left:3px;\r\n}\r\n.ftype02right{ float:right;}\r\n.ftype02larrow{ \r\n	list-style-image:url(images/bullet02.gif);\r\n	margin:5px 3px 5px 20px;\r\n	padding:5px 3px 5px 5px;\r\n	color:#FFFFFF;\r\n}\r\n.ftype02line{background-image:url(images/line01.gif);}\r\n.ftype02bold{\r\n	font-weight:bold;\r\n	padding:5px 0px;\r\n}\r\n.ftype02pad{\r\n	padding:5px 0px 5px 3px;\r\n}\r\n.ftype02bggray{background-color:#D8D8D8;}\r\n.ftype02bggray02{background-color:#B4AEA0;}\r\n\r\n</style>\r\n<!-- ########################### END CSS LAYOUT ###########################  -->\r\n<table cellpadding=\"0\" cellspacing=\"5\">\r\n  <tr>\r\n    <td valign=\"top\">\r\n	<table cellpadding=\"0\" cellspacing=\"5\" width=\"100%\">\r\n      <tr>\r\n        <td align=\"left\" valign=\"top\" class=\"ftype02head\">\r\n		<span><img src=\"images/img_01.gif\" alt=\"\" width=\"19\" height=\"19\"  /></span> \r\n		<span class=\"ftype02pad\"><img src=\"images/bullet02.gif\" alt=\"\" width=\"4\" height=\"6\" /></span>  \r\n		<span>Europan lingues es membres del</span>		\r\n		</td>\r\n      </tr>\r\n      <tr>\r\n        <td align=\"left\" valign=\"top\">\r\n		<table cellpadding=\"5\" cellspacing=\"0\" width=\"100%\">\r\n          <tr>\r\n            <td align=\"left\" valign=\"top\">\r\n				<table cellpadding=\"0\" cellspacing=\"5\" width=\"100%\" class=\"ftype02border\">\r\n				  <tr><td colspan=\"2\" class=\"ftype02bggray\" height=\"18\"></td></tr>\r\n				  <tr><td class=\"ftype02bold\">Europan lingues</td><td></td></tr>\r\n				  <tr><td>Fabulosity</td><td>$10</td></tr>\r\n				</table>\r\n			</td>\r\n            <td align=\"left\" valign=\"top\">\r\n				<table cellpadding=\"0\" cellspacing=\"5\" width=\"100%\" class=\"ftype02border\">\r\n				  <tr><td colspan=\"2\" class=\"ftype02bggray\" height=\"18\"></td></tr>\r\n				  <tr><td class=\"ftype02bold\">Europan lingues</td><td></td></tr>\r\n				  <tr><td>Fabulosity</td><td>$10</td></tr>\r\n				</table>\r\n			</td>\r\n            <td align=\"left\" valign=\"top\">\r\n				<table cellpadding=\"0\" cellspacing=\"5\" width=\"100%\" class=\"ftype02border\">\r\n				  <tr><td colspan=\"2\" class=\"ftype02bggray\" height=\"18\"></td></tr>\r\n				  <tr><td class=\"ftype02bold\">Europan lingues</td><td></td></tr>\r\n				  <tr><td>Fabulosity</td><td>$10</td></tr>\r\n				</table>\r\n			</td>\r\n          </tr>\r\n		   <tr>\r\n            <td align=\"left\" valign=\"top\">\r\n				<table cellpadding=\"0\" cellspacing=\"5\" width=\"100%\" class=\"ftype02border\">\r\n				  <tr><td colspan=\"2\" class=\"ftype02bggray\" height=\"18\"></td></tr>\r\n				  <tr><td class=\"ftype02bold\">Europan lingues</td><td></td></tr>\r\n				  <tr><td>Fabulosity</td><td>$10</td></tr>\r\n				</table>\r\n			</td>\r\n            <td align=\"left\" valign=\"top\">\r\n				<table cellpadding=\"0\" cellspacing=\"5\" width=\"100%\" class=\"ftype02border\">\r\n				  <tr><td colspan=\"2\" class=\"ftype02bggray\" height=\"18\"></td></tr>\r\n				  <tr><td class=\"ftype02bold\">Europan lingues</td><td></td></tr>\r\n				  <tr><td>Fabulosity</td><td>$10 </td></tr>\r\n				</table>\r\n			</td>\r\n            <td align=\"left\" valign=\"top\">\r\n				<table cellpadding=\"0\" cellspacing=\"5\" width=\"100%\" class=\"ftype02border\">\r\n				  <tr><td colspan=\"2\" class=\"ftype02bggray\" height=\"18\"></td></tr>\r\n				  <tr><td class=\"ftype02bold\">Europan lingues</td><td></td></tr>\r\n				  <tr><td>Fabulosity</td><td>$10</td></tr>\r\n				</table>\r\n			</td>\r\n          </tr>\r\n		   <tr>\r\n            <td align=\"left\" valign=\"top\">\r\n				<table cellpadding=\"0\" cellspacing=\"5\" width=\"100%\" class=\"ftype02border\">\r\n				  <tr><td colspan=\"2\" class=\"ftype02bggray\" height=\"18\"></td></tr>\r\n				  <tr><td class=\"ftype02bold\">Europan lingues</td><td></td></tr>\r\n				  <tr><td>Fabulosity</td><td>$10</td></tr>\r\n				</table>\r\n			</td>\r\n            <td align=\"left\" valign=\"top\">\r\n				<table cellpadding=\"0\" cellspacing=\"5\" width=\"100%\" class=\"ftype02border\">\r\n				  <tr><td colspan=\"2\" class=\"ftype02bggray\" height=\"18\"></td></tr>\r\n				  <tr><td class=\"ftype02bold\">Europan lingues</td><td></td></tr>\r\n				  <tr><td>Fabulosity</td><td>$10</td></tr>\r\n				</table>\r\n			</td>\r\n            <td align=\"left\" valign=\"top\">\r\n				<table cellpadding=\"0\" cellspacing=\"5\" width=\"100%\" class=\"ftype02border\">\r\n				  <tr><td colspan=\"2\" class=\"ftype02bggray\" height=\"18\"></td></tr>\r\n				  <tr><td class=\"ftype02bold\">Europan lingues</td><td></td></tr>\r\n				  <tr><td>Fabulosity</td><td>$10</td></tr>\r\n				</table>\r\n			</td>\r\n          </tr>\r\n        </table>\r\n		</td>\r\n      </tr>\r\n      <tr>\r\n        <td align=\"left\" valign=\"top\">\r\n			<div class=\"ftype02bold\">Europan lingues es membres del</div>\r\n            <div>Lorem ipsum dolor sit amet, consetetur sadipscing elitr, sed diam nonumy eirmod tempor invidunt ut labore et dolore magna aliquyam erat, sed diam voluptua. At vero eos et accusam et justo duo dolores et ea rebum. Stet clita kasd gubergren, no sea takimata sanctus est Lorem ipsum dolor sit amet. Lorem ipsum dolor sit amet, consetetur sadipscing elitr, sed diam nonumy eirmod tempor invidunt ut labore et dolore magna aliquyam erat, sed diam voluptua. At vero eos et accusam et justo duo dolores et ea rebum. Stet clita kasd gubergren, no sea takimata sanctus est Lorem ipsum dolor sit amet. Lorem ipsum dolor sit amet, consetetur sadipscing elitr, sed diam nonumy eirmod tempor invidunt ut labore et dolore magna aliquyam erat, sed diam voluptua. At vero eos et accusam et justo duo dolores et ea rebum. Stet clita kasd gubergren, no sea takimata sanctus est Lorem ipsum dolor sit amet.</div> 						 		</td>\r\n      </tr>\r\n    </table></td>\r\n    <td align=\"left\" valign=\"top\">\r\n	<table cellpadding=\"0\" cellspacing=\"0\" width=\"100%\">\r\n      <tr>\r\n        <td><img src=\"images/180x120.gif\" alt=\"\" width=\"180\" height=\"120\" /></td>\r\n      </tr>\r\n      <tr>\r\n        <td align=\"left\" valign=\"top\">\r\n              <div class=\"ftype02bold\"><img src=\"images/img_04.gif\" alt=\"\" width=\"8\" height=\"5\" align=\"texttop\" /> Epsum factorial non gop tropp ont </div>\r\n              <div>luptumcczril delenit <img src=\"images/img_05.gif\" alt=\"\" width=\"8\" height=\"5\" align=\"texttop\" /></div>\r\n		</td>\r\n      </tr>\r\n      <tr>\r\n        <td height=\"10\"></td>\r\n      </tr>\r\n      <tr>\r\n        <td align=\"left\" valign=\"top\">\r\n		<table cellpadding=\"0\" cellspacing=\"0\" width=\"100%\" class=\"ftype02bgblock01_r\">\r\n          <tr>\r\n            <td align=\"left\" valign=\"top\">\r\n				<div class=\"ftype02subhead\"><img src=\"images/bullet01.gif\" alt=\"\" width=\"4\" height=\"6\" /> Epsum factorial non</div>\r\n                    <ul class=\"ftype02larrow\">\r\n                      <li>Europan lingues mem</li>\r\n                      <li>Europan lingues mem</li>\r\n                    </ul></td>\r\n            <td class=\"ftype02bggray02\" valign=\"middle\" align=\"right\"><img src=\"images/img_03.gif\" alt=\"\" width=\"4\" height=\"7\" /></td>\r\n          </tr>\r\n          <tr>\r\n            <td class=\"ftype02line\" colspan=\"2\" height=\"2\"><img src=\"images/spacer.gif\" alt=\"\" width=\"1\" height=\"2\" /></td>\r\n          </tr>\r\n          <tr>\r\n            <td align=\"left\" valign=\"top\">\r\n				<div class=\"ftype02subhead\"><img src=\"images/bullet01.gif\" alt=\"\" width=\"4\" height=\"6\" /> Epsum factorial non</div>\r\n                    <ul class=\"ftype02larrow\">\r\n                      <li>Europan lingues mem</li>\r\n                      <li>Europan lingues mem</li>\r\n                    </ul></td>\r\n            <td class=\"ftype02bggray02\" valign=\"middle\" align=\"right\"><img src=\"images/img_03.gif\" alt=\"\" width=\"4\" height=\"7\" /></td>\r\n          </tr>\r\n        </table>\r\n		</td>\r\n      </tr>\r\n    </table>\r\n	</td>\r\n  </tr>\r\n</table>', '', 'b_layoutCom02.jpg', '', '1');
REPLACE INTO `rvs_layout_group` (`layout_group_id`, `layout_group_name`, `layout_category_id`) VALUES ('1', 'commerce style', '1');
REPLACE INTO `rvs_navigator_name` (`navigator_name_id`, `navigator_name`) VALUES ('3', 'h_classic_button');
REPLACE INTO `rvs_navigator` (`navigator_id`, `menustyle_id`, `navigator_name_id`) VALUES ('293', '2', '29');
REPLACE INTO `rvs_project_page_out_seggestion` (`project_page_id`, `out_suggestion_id`) VALUES ('3f08502db76eeb2c212c98ce47bf5331', '0');
REPLACE INTO `rvs_project_page_out_seggestion` (`project_page_id`, `out_suggestion_id`) VALUES ('fcb551c05474eaf7206b6b1e9bf84b8f', '2');
REPLACE INTO `rvs_project_page_out_seggestion` (`project_page_id`, `out_suggestion_id`) VALUES ('e8c086433b33ef6750cef02ae25c56e0', '1');
REPLACE INTO `rvs_project_page_out_seggestion` (`project_page_id`, `out_suggestion_id`) VALUES ('39ed13237bc2b13d7abc235232a1b4ca', '0');
REPLACE INTO `rvs_out_suggestion` (`out_suggestion_id`, `out_suggestion_name`, `description_keylang`) VALUES ('2', 'About us', 'our suggestion About us description');
REPLACE INTO `rvs_out_suggestion` (`out_suggestion_id`, `out_suggestion_name`, `description_keylang`) VALUES ('1', 'Home', 'our suggestion Home description');
REPLACE INTO `rvs_picture` (`picture_id`, `picture_name`) VALUES ('c948c68a1ca046981248356ab2bdf74d', 'LanCable');
REPLACE INTO `rvs_project` (`project_id`, `project_info_id`, `rvs_usr_id`, `project_name`, `project_directory`, `utf8format`, `project_footer`) VALUES ('6e4ea2675b35efb25684f0c4a156d126', '3fb0e1e43bee27f4feb18349b1acf436', 'ccc305aa1ed93637f5f7bd3b8e08397c', 'XLIX EU LTD', '', '1', '<!-- add class=\"uk-footer-displayNone\" to display none -->\r\n<div class=\"uk-container uk-container-center\" style=\"font-family: Verdana; font-size: 12px; color: rgb(255, 255, 255);\">\r\n    <div id=\"footerTemplate\" style=\"font-size: 12px; font-family: Verdana; color: rgb(255, 255, 255); background-color: rgb(32, 67, 95);\">\r\n        <div class=\"uk-container uk-container-center rvsb-bg-footer\" id=\"textinfoAndContactFooter\" style=\"font-family: Verdana; font-size: 12px; color: rgb(255, 255, 255);\">\r\n            <div class=\"uk-grid\" style=\"font-family: Verdana; font-size: 12px; color: rgb(255, 255, 255);\">\r\n                <div id=\"textinfoFooter\" style=\"font-family: Verdana; font-size: 12px; color: rgb(255, 255, 255);\" class=\"uk-width-small-3-4\">\r\n                    <h3 id=\"titleInformation\" style=\"font-family: Verdana; font-size: 14px; color: rgb(255, 255, 255);\"></h3>\r\n                    <hr id=\"hrInformation\" style=\"font-family: Verdana; font-size: 12px; color: rgb(255, 255, 255);\">\r\n                    <div id=\"contentInformation\" style=\"white-space: pre-wrap; font-family: Verdana; font-size: 12px; color: rgb(255, 255, 255);\"></div>\r\n                </div>\r\n                <div id=\"contactFooter\" style=\"font-family: Verdana; font-size: 12px; color: rgb(255, 255, 255);\" class=\"uk-width-small-1-4\">\r\n                    <h3 id=\"titleContact\" style=\"font-family: Verdana; font-size: 14px; color: rgb(255, 255, 255);\">Contact Us</h3>\r\n                    <ul id=\"contactListFooter\" style=\"font-family: Verdana; font-size: 12px; color: rgb(255, 255, 255);\" class=\"uk-list uk-list-space\">\r\n                        <li id=\"liAddressFooter\" style=\"font-family: Verdana; font-size: 12px; color: rgb(255, 255, 255);\">\r\n                            <div class=\"tableFrame\" style=\"font-family: Verdana; font-size: 12px; color: rgb(255, 255, 255);\">\r\n                                 <div class=\"tableCell\" style=\"font-family: Verdana; font-size: 12px; color: rgb(255, 255, 255);\"><span class=\"uk-icon-justify uk-icon-map-marker\"></span></div> \r\n                                 <div class=\"tableCell\" style=\"font-family: Verdana; font-size: 12px; color: rgb(255, 255, 255);\"><span id=\"addressContactFooter\" style=\"font-family: Verdana; font-size: 12px; color: rgb(255, 255, 255);\">Cursus House\r\n<br style=\"font-family: Verdana; font-size: 12px; color: rgb(255, 255, 255);\">PO Box 1013\r\n<br style=\"font-family: Verdana; font-size: 12px; color: rgb(255, 255, 255);\">Portsmouth\r\n<br style=\"font-family: Verdana; font-size: 12px; color: rgb(255, 255, 255);\">PO1 9QQ\r\n<br style=\"font-family: Verdana; font-size: 12px; color: rgb(255, 255, 255);\"> UNITED KINGDOM</span></div> \r\n                            </div>\r\n                        </li>\r\n                        <li id=\"liPhoneFooter\" style=\"font-family: Verdana; font-size: 12px; color: rgb(255, 255, 255);\">\r\n                            <div class=\"tableFrame\" style=\"font-family: Verdana; font-size: 12px; color: rgb(255, 255, 255);\">\r\n                                 <div class=\"tableCell\" style=\"font-family: Verdana; font-size: 12px; color: rgb(255, 255, 255);\"><span class=\"uk-icon-justify uk-icon-phone\"></span></div>\r\n                                 <div class=\"tableCell\" style=\"font-family: Verdana; font-size: 12px; color: rgb(255, 255, 255);\"><span id=\"phoneContactFooter\" style=\"font-family: Verdana; font-size: 12px; color: rgb(255, 255, 255);\">+44 333 112 5005</span></div>\r\n                            </div>    \r\n                        </li>\r\n                        <li id=\"liEmailFooter\" style=\"font-family: Verdana; font-size: 12px; color: rgb(255, 255, 255);\">\r\n                            <div class=\"tableFrame\" style=\"font-family: Verdana; font-size: 12px; color: rgb(255, 255, 255);\">\r\n                                <div class=\"tableCell\" style=\"font-family: Verdana; font-size: 12px; color: rgb(255, 255, 255);\"><span class=\"uk-icon-justify uk-icon-envelope-o\"></span></div>\r\n                                <div class=\"tableCell\" style=\"font-family: Verdana; font-size: 12px; color: rgb(255, 255, 255);\"><span id=\"emailContactFooter\" cmdmailto=\"on\" style=\"font-family: Verdana; font-size: 12px; color: rgb(255, 255, 255);\">mail@xlix.eu</span></div>\r\n                            </div>\r\n                        </li>\r\n                    </ul>\r\n                    <div class=\"uk-clearfix\" style=\"font-family: Verdana; font-size: 12px; color: rgb(255, 255, 255);\"></div>\r\n                    <div id=\"divgooglemapFooter\" style=\"font-family: Verdana; font-size: 12px; color: rgb(255, 255, 255);\" class=\"uk-footer-displayNone\">\r\n                        <div id=\"google_maps_footer\" cmdlat=\"52.3555177\" cmdlong=\"-1.1743197\" style=\"position: relative; overflow: hidden; color: rgb(255, 255, 255);\" cmdaddressname=\"\"></div>\r\n                    </div>\r\n                </div>\r\n            </div>\r\n        </div>    \r\n            \r\n        <div class=\"uk-container uk-container-center rvsb-bg-footer\" style=\"font-family: Verdana; font-size: 12px; color: rgb(255, 255, 255);\">\r\n            <div class=\"uk-grid\" id=\"socailandcopyright\" style=\"font-family: Verdana; font-size: 12px; color: rgb(255, 255, 255);\">\r\n                <div id=\"socailFooter\" style=\"font-family: Verdana; font-size: 12px; color: rgb(255, 255, 255);\" class=\"uk-footer-displayNone\">\r\n                    <a cmdhref=\"#\" class=\"uk-icon-button uk-icon-facebook\" target=\"\"></a>\r\n                    <a cmdhref=\"#\" class=\"uk-icon-button uk-icon-twitter\" target=\"\"></a>\r\n                    <a cmdhref=\"\" class=\"uk-icon-button uk-icon-google-plus\" target=\"\" style=\"display: none;\"></a>\r\n                    <a cmdhref=\"\" class=\"uk-icon-button uk-icon-instagram\" target=\"\" style=\"display: none;\"></a>\r\n                </div>\r\n                <div id=\"copyrightFooter\" style=\"font-family: Verdana; font-size: 12px; color: rgb(255, 255, 255);\" class=\"uk-text-center uk-width-1-1\">© 2017 XLIX EU LTD. All rights reserved.</div>\r\n            </div>    \r\n        </div>\r\n        <div class=\"uk-container uk-container-center rvsb-bg-footer uk-footer-displayNone\" style=\"font-family: Verdana; font-size: 12px; color: rgb(255, 255, 255);\">\r\n            <div id=\"sitemapFooter\" style=\"font-family: Verdana; font-size: 12px; color: rgb(255, 255, 255);\" class=\"uk-footer-displayNone\">\r\n                <a href=\"\" class=\"sitemapFooterLink\" target=\"\" style=\"font-family: Verdana; font-size: 12px; color: rgb(255, 255, 255);\">Home</a> |\r\n                <a href=\"\" class=\"sitemapFooterLink\" target=\"\" style=\"font-family: Verdana; font-size: 12px; color: rgb(255, 255, 255);\">About Us</a> |\r\n                <a href=\"\" class=\"sitemapFooterLink\" target=\"\" style=\"font-family: Verdana; font-size: 12px; color: rgb(255, 255, 255);\">News &amp; Event</a> |\r\n                <a href=\"\" class=\"sitemapFooterLink\" target=\"\" style=\"font-family: Verdana; font-size: 12px; color: rgb(255, 255, 255);\">Download</a> |\r\n                <a href=\"\" class=\"sitemapFooterLink\" target=\"\" style=\"font-family: Verdana; font-size: 12px; color: rgb(255, 255, 255);\">Links</a> |\r\n                <a href=\"\" class=\"sitemapFooterLink\" target=\"\" style=\"font-family: Verdana; font-size: 12px; color: rgb(255, 255, 255);\">Contact Us</a>\r\n            </div>\r\n        </div>\r\n        <div id=\"getDetailNavigator\" cmdalign=\"uk-align-left\" cmdtextalign=\"\" cmdhiddennav=\"\" cmdhiddensubmenu=\"\" style=\"font-family: Verdana; font-size: 12px; color: rgb(255, 255, 255);\"></div>\r\n        <div id=\"getContentWidth\" cmdwidth=\"\" style=\"font-family: Verdana; font-size: 12px; color: rgb(255, 255, 255);\"></div>\r\n    </div>\r\n</div>');
REPLACE INTO `rvs_project_info` (`project_info_id`, `template_item_id`, `font_id`, `navigator_id`, `rvs_category_id`, `charset_id`, `project_company`, `project_slogan`, `project_logo`, `project_title`, `project_keyword`, `project_description`, `project_domain`, `check_step`, `effect_site_enter`, `duration_site_enter`, `last_update`, `layout_template_id`, `i_pathway`, `i_mail`, `i_print`, `i_favorite`, `no_slogan`, `no_company_name`, `navigator_name_id`, `is_member_page`) VALUES ('3fb0e1e43bee27f4feb18349b1acf436', '19081d8d14ed25eb8cf0859a99478d61', '12', 'b861b224023c72d2239919dffd06b646', '25', '17', '', '', '', '', '', '', 'la-mc.uk', '5', NULL, NULL, '1514129391', '8c76128c03ab75495ae455c04c0cbc25', '0', '1', '1', '1', '0', '0', '3', '0');
REPLACE INTO `rvs_project_layout_page` (`project_id`, `project_page_id`, `parent_project_page_id`, `priority`, `is_home`) VALUES ('6e4ea2675b35efb25684f0c4a156d126', '3f08502db76eeb2c212c98ce47bf5331', '0', '1', '1');
REPLACE INTO `rvs_project_layout_page` (`project_id`, `project_page_id`, `parent_project_page_id`, `priority`, `is_home`) VALUES ('6e4ea2675b35efb25684f0c4a156d126', 'fcb551c05474eaf7206b6b1e9bf84b8f', '0', '3', '0');
REPLACE INTO `rvs_project_layout_page` (`project_id`, `project_page_id`, `parent_project_page_id`, `priority`, `is_home`) VALUES ('6e4ea2675b35efb25684f0c4a156d126', 'e8c086433b33ef6750cef02ae25c56e0', '0', '2', '0');
REPLACE INTO `rvs_project_layout_page` (`project_id`, `project_page_id`, `parent_project_page_id`, `priority`, `is_home`) VALUES ('6e4ea2675b35efb25684f0c4a156d126', '39ed13237bc2b13d7abc235232a1b4ca', 'e8c086433b33ef6750cef02ae25c56e0', '1', '0');
REPLACE INTO `rvs_project_page_to_layout` (`project_page_id`, `project_id`, `layout_template_user_id`) VALUES ('39ed13237bc2b13d7abc235232a1b4ca', '6e4ea2675b35efb25684f0c4a156d126', '1');
REPLACE INTO `rvs_layout_template_user` (`layout_template_user_id`, `layout_name`, `layout_template_name`) VALUES ('1', '16_0', 'default master');
REPLACE INTO `rvs_project_page` (`project_page_id`, `rvs_usr_id`, `page_name`, `custom_page_name`, `rvs_component_id`, `page_data`, `page_data_zone_2`, `page_data_zone_3`, `page_data_zone_4`, `colume_width_1`, `colume_width_2`, `colume_width_3`, `rvs_layout_id`, `head`, `page_title`, `meta_keyword`, `meta_description`, `effect_page_enter`, `duration_page_enter`, `meta_page_effect`, `rvs_link_id`, `target`, `form_template_id`, `i_pathway`, `i_mail`, `i_print`, `i_favorite`, `last_modifier`, `link_active`, `page_type`, `blank_page`, `set_draft`, `is_member_page`) VALUES ('3f08502db76eeb2c212c98ce47bf5331', 'ccc305aa1ed93637f5f7bd3b8e08397c', 'Home', '', '0', '\n<!-- wysiwyg get data cannot delete id=layout_zone1 -->\n<div class=\"uk-container uk-container-center rv-block-full\"><style>\n.rv-crop-img  {  \n      max-height:320px;  \n      overflow:hidden;  \n}   \n</style>    	 \n \n \n <div>\n        <div class=\"uk-container uk-container-center rv-block-full\"> \n            <div class=\"uk-grid\" data-uk-grid-margin=\"\">\n                <div class=\"uk-width-1-1 design-block uk-row-first\" rv-layout=\"100\">\n                    <div class=\"layoutfix\">\n                        <div id=\"editable_area_content\" class=\"editable_area designBlock ui-sortable\"><div class=\"mg\">\n                            <div class=\"uk-container uk-container-center\"> <!-- Set Row Full width must use class  of Design block -->\n                               <div class=\"rvsb_design_block bgContent\">     <!-- Set Background of Design block -->\n                                   <div class=\"uk-container uk-container-center\"> <!-- Set Full width must use class rv-block-full of Design block -->\n                                       <div class=\"uk-grid\" data-uk-grid-margin=\"\">\n                                         <div class=\"uk-width-small-1-3 uk-row-first\">\n                                              <div class=\"RVWYSIWYGAREA\" id=\"editable_area_custom38419ba027608d7e7901b85631f86038\">\n                                                  <div class=\"rv-text-center\"><hr class=\"clearhr uk-icon-fax uk-icon-medium\" style=\"border-top:0;\"></div>\n                                                  <h3 class=\"rv-text-center  rv-widget-title\">Your Title Here</h3>\n                                                  <p class=\"rv-text-center\"><font style=\"font-size: 14px;\">This is a text box. Write your <br>own content here.</font></p>    \n                                              </div>          \n                                          </div>\n                                          <div class=\"uk-width-small-1-3\">\n                                              <div class=\"RVWYSIWYGAREA\">\n                                                  <div class=\"rv-text-center\"><hr class=\"clearhr uk-icon-user uk-icon-medium\" style=\"border-top:0;\"></div>\n                                                  <h3 class=\"rv-text-center  rv-widget-title\">Your Title Here</h3>\n                                                  <p class=\"rv-text-center\"><font style=\"font-size: 14px;\">This is a text box. Write your <br>own content here.</font></p>    \n                                              </div>          \n                                          </div>\n                                          <div class=\"uk-width-small-1-3\">\n                                              <div class=\"RVWYSIWYGAREA\">\n                                                  <div class=\"rv-text-center\"><hr class=\"clearhr uk-icon-envelope uk-icon-medium\" style=\"border-top:0;\"></div>\n                                                  <h3 class=\"rv-text-center  rv-widget-title\">Your Title Here</h3>\n                                                  <p class=\"rv-text-center\"><font style=\"font-size: 14px;\">This is a text box. Write your <br>own content here.</font></p>          \n                                              </div>          \n                                          </div>\n                                          \n                                          <div class=\"uk-row-first\"></div>\n                                       </div>\n                                   </div>\n                               </div>\n                             </div>  \n                        </div><div class=\"mg\">\n                            <div class=\"uk-container uk-container-center\"> <!-- Set Row Full width must use class  of Design block -->\n                               <div class=\"rvsb_design_block bgContent\">     <!-- Set Background of Design block -->\n                                   <div class=\"uk-container uk-container-center\"> <!-- Set Full width must use class rv-block-full of Design block -->\n                                       <div class=\"uk-grid\" data-uk-grid-margin=\"\">\n                                          <div class=\"uk-width-small-1-1 uk-row-first\">\n                                              <div class=\"RVWYSIWYGAREA\" id=\"editable_area_custom82dd5de40ac8f66e9648a87c85e83b0d\">\n                                                  <h2 class=\"rv-text-center rv-widget-title\"><b>YOUR TITLE HERE</b></h2>\n                                                  <p class=\"rv-text-center\"><font style=\"font-size: 14px;\">This is a text box. Write your own content here. This is an excellent <br>place for you to add a paragraph.</font></p>                                        \n                                              </div>  \n                                          </div>\n                                          <div class=\"uk-grid-margin uk-row-first\"></div>\n                                       </div>\n                                   </div>\n                               </div>\n                             </div>  \n                        </div></div><!--editable_area_content -->    \n                    </div><!-- End layoutfix -->          \n                </div> <!-- End rv-layout=100 -->\n            </div><!-- End uk-grid -->\n        </div><!-- End uk-container uk-container-center -->\n     </div><!-- End bgContent  --></div>', NULL, NULL, NULL, NULL, NULL, NULL, '0', NULL, NULL, NULL, NULL, NULL, NULL, NULL, '', '', '', NULL, NULL, NULL, NULL, '1514128407', NULL, NULL, '0', '0', '0');
REPLACE INTO `rvs_project_page` (`project_page_id`, `rvs_usr_id`, `page_name`, `custom_page_name`, `rvs_component_id`, `page_data`, `page_data_zone_2`, `page_data_zone_3`, `page_data_zone_4`, `colume_width_1`, `colume_width_2`, `colume_width_3`, `rvs_layout_id`, `head`, `page_title`, `meta_keyword`, `meta_description`, `effect_page_enter`, `duration_page_enter`, `meta_page_effect`, `rvs_link_id`, `target`, `form_template_id`, `i_pathway`, `i_mail`, `i_print`, `i_favorite`, `last_modifier`, `link_active`, `page_type`, `blank_page`, `set_draft`, `is_member_page`) VALUES ('fcb551c05474eaf7206b6b1e9bf84b8f', 'ccc305aa1ed93637f5f7bd3b8e08397c', 'Services', '', '0', ' \r\n            \r\n    <div>\r\n        <div class=\"uk-container uk-container-center rv-block-full\">\r\n            <div class=\"uk-grid\" data-uk-grid-margin>\r\n                <div class=\"uk-width-1-1 design-block\" rv-layout=\"100\">\r\n                    <div class=\"layoutfix\">\r\n                        <div id=\"editable_area_content\" class=\"editable_area\">     \r\n                        \r\n                        <div class=\"mg\">\r\n                            <div class=\"uk-container uk-container-center\"> <!-- Set Row Full width must use class  of Design block -->\r\n                              <div class=\"rvsb_design_block bgContent\" style=\"background:#f6f5f6;\"> <!-- Set Background of Design block -->\r\n                                  <div class=\"uk-container uk-container-center\"> <!-- Set Full width must use class rv-block-full of Design block -->\r\n                                      <div class=\"uk-grid\" data-uk-grid-margin>\r\n                                         <div class=\"uk-width-small-1-1\">\r\n                                             <div class=\"RVWYSIWYGAREA\">\r\n                                                 <div class=\"rv-panel-box\">\r\n                                                        <h2 class=\"rv-text-center\" style=\"margin-bottom:8px;\">Add your own text or description here</h2>  \r\n                                                     <h1 class=\"rv-text-center rv-widget-title\" style=\"margin-top:0px;\"><b>YOUR TITLE HERE</b></h1>\r\n                                                     <br><br>            \r\n                                                 </div>\r\n                                             </div>  \r\n                                         </div>\r\n                                         <div class=\"uk-grid-margin\"></div>\r\n                                      </div>\r\n                                  </div>\r\n                              </div>\r\n                            </div>\r\n                        </div>\r\n                        \r\n                        <!-- b2 -->\r\n                        <div class=\"mg\">\r\n                            <div class=\"uk-container uk-container-center\"> <!-- Set Row Full width must use class  of Design block -->\r\n                               <div class=\"rvsb_design_block bgContent\"> <!-- Set Background of Design block -->\r\n                                   <div class=\"uk-container uk-container-center\"> <!-- Set Full width must use class rv-block-full of Design block -->\r\n                                       <div class=\"uk-grid\" data-uk-grid-margin>\r\n                                          <div class=\"uk-width-small-1-3\">\r\n                                              <div class=\"RVWYSIWYGAREA\" style=\"margin-top:-50px; background:#FFF; border:#f6f5f6 solid 1px; border-bottom:#5b5b5b solid 2px;\">\r\n                                                  <div class=\"rv-panel-box\">\r\n                                                        <div class=\"rv-text-center\"><hr class=\"clearhr uk-icon-truck uk-icon-large\" style=\"color:#ffb118; border-top:0;\"></div>\r\n                                                        <h3 class=\"rv-text-center\"><b>YOUR TITLE HERE</b></h3>  \r\n                                                        <p class=\"rv-text-center\">This is a text box.<br> Write your own content here.</p>  \r\n                                                  </div>\r\n                                              </div> \r\n                                              <div class=\"uk-grid-margin\"></div>  \r\n                                          </div>\r\n                                          <div class=\"uk-width-small-1-3\">\r\n                                              <div class=\"RVWYSIWYGAREA\" style=\"margin-top:-50px; background:#FFF; border:#f6f5f6 solid 1px; border-bottom:#5b5b5b solid 2px;\">\r\n                                                  <div class=\"rv-panel-box\">\r\n                                                    <div class=\"rv-text-center\"><hr class=\"clearhr uk-icon-gift uk-icon-large\" style=\"color:#ffb118; border-top:0;\"></div>\r\n                                                        <h3 class=\"rv-text-center\"><b>YOUR TITLE HERE</b></h3>  \r\n                                                      <p class=\"rv-text-center\">This is a text box.<br> Write your own content here.</p>      \r\n                                                  </div>\r\n                                              </div> \r\n                                              <div class=\"uk-grid-margin\"></div>  \r\n                                          </div>\r\n                                          <div class=\"uk-width-small-1-3\">\r\n                                              <div class=\"RVWYSIWYGAREA\" style=\"margin-top:-50px; background:#FFF; border:#f6f5f6 solid 1px; border-bottom:#5b5b5b solid 2px;\">\r\n                                                  <div class=\"rv-panel-box\">\r\n                                                    <div class=\"rv-text-center\"><hr class=\"clearhr uk-icon-plane uk-icon-large\" style=\"color:#ffb118; border-top:0;\"></div>\r\n                                                        <h3 class=\"rv-text-center\"><b>YOUR TITLE HERE</b></h3>    \r\n                                                      <p class=\"rv-text-center\">This is a text box.<br> Write your own content here.</p>   \r\n                                                  </div>\r\n                                              </div> \r\n                                              <div class=\"uk-grid-margin\"></div> \r\n                                          </div>\r\n                                          \r\n                                       </div>\r\n                                   </div>\r\n                               </div>\r\n                            </div>\r\n                        </div>\r\n                        <!-- b2 -->\r\n                        \r\n                        \r\n                        <!-- b3 -->\r\n                        <div class=\"mg\">\r\n                            <div class=\"uk-container uk-container-center\"> <!-- Set Row Full width must use class  of Design block -->\r\n                               <div class=\"rvsb_design_block bgContent\"> <!-- Set Background of Design block -->\r\n                                   <div class=\"uk-container uk-container-center\"> <!-- Set Full width must use class rv-block-full of Design block -->\r\n                                       <div class=\"uk-grid uk-grid-collapse\" data-uk-grid-margin style=\"background:#222222; color:#878787;\">\r\n                                          <div class=\"uk-width-medium-1-2\">\r\n                                              <div class=\"RVWYSIWYGAREA\">\r\n                                                  <div class=\"rv-text-center\"><img  src=\"images/lrh_600x440/otherimage/solidstockart-stock-photo-healthy-eating-food-and-diet-1749996.jpg\"></div>\r\n                                              </div>  \r\n                                          </div>\r\n                                          <div class=\"uk-width-medium-1-2\">\r\n                                              <div class=\"RVWYSIWYGAREA\">\r\n                                                  <div class=\"rv-panel-box\" style=\"padding:30px;\">\r\n                                                    <br>\r\n                                                    <div class=\"rv-text-center\"><hr class=\"clearhr uk-icon-cube uk-icon-large\" style=\"color:#f9f9f9; font-size:72px; border-top:0;\"></div>\r\n                                                      <h2 class=\"rv-text-center\" style=\"color:#f9f9f9;\"><b>Your Title Here</b></h2>\r\n                                                      <p class=\"rv-text-center\"> Write your own content here.<br> This is an excellent place for you to add a paragraph.</p> \r\n                                                      \r\n                                                  </div> \r\n                                              </div>  \r\n                                          </div>\r\n                                          <div class=\"uk-grid-margin\"></div>\r\n                                       </div>\r\n                                   </div>\r\n                               </div>\r\n                            </div>\r\n                        </div>\r\n                        <!-- b3 -->\r\n                        \r\n                        \r\n                        <div class=\"mg\">\r\n                            <div class=\"uk-container uk-container-center\"> <!-- Set Row Full width must use class  of Design block -->\r\n                               <div class=\"rvsb_design_block bgContent\"> <!-- Set Background of Design block -->\r\n                                   <div class=\"uk-container uk-container-center\"> <!-- Set Full width must use class rv-block-full of Design block -->\r\n                                       <div class=\"uk-grid\" data-uk-grid-margin>\r\n                                          <div class=\"uk-width-small-1-1\">\r\n                                              <div class=\"RVWYSIWYGAREA\">\r\n                                                  <div class=\"rv-panel-box\">\r\n                                                        <h2 class=\"rv-text-center\" style=\"margin-bottom:8px;\">YOUR TITLE HERE</h2>  \r\n                                                      <h1 class=\"rv-text-center rv-widget-title\" style=\"margin-top:0px; margin-bottom:30px;\"><b>YOUR TITLE HERE</b></h1>  \r\n                                                      <p class=\"rv-text-center\">Write your own content here. This is an excellent<br> place for you to add a paragraph.</p>          \r\n                                                  </div>\r\n                                              </div>   \r\n                                          </div>\r\n                                          <div class=\"uk-grid-margin\"></div>\r\n                                       </div>\r\n                                   </div>\r\n                               </div>\r\n                            </div>\r\n                        </div>\r\n                        \r\n                        <!-- b5 -->\r\n                        <div class=\"mg\">\r\n                           <div class=\"uk-container uk-container-center\"> <!-- Set Row Full width must use class  of Design block -->\r\n                               <div class=\"rvsb_design_block bgContent\"> <!-- Set Background of Design block -->\r\n                                   <div class=\"uk-container uk-container-center\"> <!-- Set Full width must use class rv-block-full of Design block -->\r\n                                       <div class=\"uk-grid\" data-uk-grid-margin>\r\n                                         <div class=\"uk-width-medium-1-2\">\r\n                                              <div class=\"RVWYSIWYGAREA\"> \r\n                                                   <div class=\"rv-text-center\"><img  src=\"images/ls_550x550/otherimage/solidstockart-stock-photo-man-lifting-dumbbell-while-s-1535202.jpg\" style=\"border-bottom:#cccccc solid 1px;\"></div>\r\n                                              </div>          \r\n                                          </div>\r\n                                         <div class=\"uk-width-medium-1-2\">\r\n                                              <div class=\"RVWYSIWYGAREA\"> \r\n                                                <div class=\"uk-grid uk-grid-small\">\r\n                                                    <div class=\"uk-width-1-5 rv-text-center\"><hr class=\"clearhr uk-icon-user uk-icon-large\" style=\"color:#777777; border-top:0;\"></div>\r\n                                                      <div class=\"uk-width-4-5\">\r\n                                                          <h3><b>Your Title Here</b></h3>\r\n                                                          <p>Add your own text or description here.</p>  \r\n                                                          <br>\r\n                                                      </div> \r\n                                                      <div class=\"uk-grid-margin\"></div>\r\n                                                  </div>\r\n                                                <div class=\"uk-grid uk-grid-small\">\r\n                                                    <div class=\"uk-width-1-5 rv-text-center\"><hr class=\"clearhr uk-icon-fax uk-icon-medium\" style=\"color:#777777; border-top:0;\"></div>\r\n                                                      <div class=\"uk-width-4-5\">\r\n                                                          <h3><b>Your Title Here</b></h3>\r\n                                                          <p>Add your own text or description here.</p> \r\n                                                          <br> \r\n                                                      </div> \r\n                                                      <div class=\"uk-grid-margin\"></div>\r\n                                                  </div>\r\n                                                  <div class=\"uk-grid uk-grid-small\">\r\n                                                    <div class=\"uk-width-1-5 rv-text-center\"><hr class=\"clearhr uk-icon-cube uk-icon-large\" style=\"color:#777777; border-top:0;\"></div>\r\n                                                      <div class=\"uk-width-4-5\">\r\n                                                          <h3><b>Your Title Here</b></h3>\r\n                                                          <p>Add your own text or description here.</p>  \r\n                                                          <br>\r\n                                                      </div> \r\n                                                      <div class=\"uk-grid-margin\"></div>\r\n                                                  </div>\r\n                                                  <div class=\"uk-grid uk-grid-small\"> \r\n                                                    <div class=\"uk-width-1-5 rv-text-center\"><hr class=\"clearhr uk-icon-truck uk-icon-large\" style=\"color:#777777; border-top:0;\"></div>\r\n                                                      <div class=\"uk-width-4-5\">\r\n                                                          <h3><b>Your Title Here</b></h3>\r\n                                                          <p>Add your own text or description here.</p> \r\n                                                          <br>\r\n                                                      </div> \r\n                                                      <div class=\"uk-grid-margin\"></div>\r\n                                                  </div>\r\n                                              </div>          \r\n                                          </div>\r\n                                          \r\n                                          <div class=\"uk-grid-margin\"></div>\r\n                                       </div>\r\n                                   </div>\r\n                               </div>\r\n                            </div>\r\n                        </div>\r\n                        <!-- b5 -->\r\n                        \r\n                         \r\n                        </div><!--editable_area_content -->    \r\n                    </div><!-- End layoutfix -->          \r\n                </div> <!-- End rv-layout=100 -->\r\n            </div><!-- End uk-grid -->\r\n        </div><!-- End uk-container uk-container-center -->\r\n     </div><!-- End bgContent  -->', NULL, NULL, NULL, NULL, NULL, NULL, '0', NULL, NULL, NULL, NULL, NULL, NULL, NULL, '', '', '', NULL, NULL, NULL, NULL, NULL, NULL, NULL, '0', '0', '0');
REPLACE INTO `rvs_project_page` (`project_page_id`, `rvs_usr_id`, `page_name`, `custom_page_name`, `rvs_component_id`, `page_data`, `page_data_zone_2`, `page_data_zone_3`, `page_data_zone_4`, `colume_width_1`, `colume_width_2`, `colume_width_3`, `rvs_layout_id`, `head`, `page_title`, `meta_keyword`, `meta_description`, `effect_page_enter`, `duration_page_enter`, `meta_page_effect`, `rvs_link_id`, `target`, `form_template_id`, `i_pathway`, `i_mail`, `i_print`, `i_favorite`, `last_modifier`, `link_active`, `page_type`, `blank_page`, `set_draft`, `is_member_page`) VALUES ('e8c086433b33ef6750cef02ae25c56e0', 'ccc305aa1ed93637f5f7bd3b8e08397c', 'About us', '', '0', '<!-- wysiwyg get data cannot delete id=layout_zone1 -->\n<div class=\"uk-container uk-container-center rv-block-full\"><style>\n.rv-crop-img  {\n    max-height:240px;\n    overflow:hidden;\n} \n</style> 	\n \n <div>\n        <div class=\"uk-container uk-container-center rv-block-full\">\n            <div class=\"uk-grid\" data-uk-grid-margin=\"\">\n                <div class=\"uk-width-1-1 design-block uk-row-first\" rv-layout=\"100\">\n                    <div class=\"layoutfix\">\n                        <div id=\"editable_area_content\" class=\"editable_area designBlock ui-sortable\"> \n                        \n                        <!-- b1 -->\n                        <div class=\"mg\">\n                            <div class=\"uk-container uk-container-center\"> <!-- Set Row Full width must use class  of Design block -->\n                               <div class=\"rvsb_design_block bgContent\">   <!-- Set Background of Design block -->\n                                   <div class=\"uk-container uk-container-center\"> <!-- Set Full width must use class rv-block-full of Design block -->\n                                       <div class=\"uk-grid\" data-uk-grid-margin=\"\">\n                                          <div class=\"uk-width-medium-1-2 uk-row-first\">\n                                              <div class=\"RVWYSIWYGAREA\"> \n                                              	<br>\n                                                  <h3 style=\"margin-bottom:5px;\">YOUR TITLE HERE</h3>\n                                                  <h1 style=\"margin-top:0px; margin-bottom:10px;\"><b>YOUR TITLE HERE</b></h1>\n                                                  <div> -------------- <hr class=\"clearhr uk-icon uk-icon-group\" style=\"color:#ffb118; border-top:0;\"> -------------- </div>\n                                                  <h2>Add your own text or description here</h2>\n                                                  <p style=\"color:#7e7777;\">This is a text box. Write your own content here. This is an excellent place for you to add a paragraph.</p> \n                                              </div>  \n                                          </div>\n                                          <div class=\"uk-width-medium-1-2\">\n                                              <div class=\"RVWYSIWYGAREA\">\n                                              	<br><br>\n                                              	<div class=\"rv-text-center\"><img src=\"{IMAGE_URL}/lrh_500x350/otherimage/solidstockart-stock-photo-businesspeople-interacting-i-1761523.jpg\" style=\"border-radius:5px;\"></div>\n                                              </div>  \n                                          </div>\n                                          <div class=\"uk-row-first\"></div>\n                                       </div>\n                                   </div>\n                               </div>\n                            </div>  \n                        </div>\n                        <!-- b1 -->\n                        \n                        \n                        <div class=\"mg\">\n                           <div class=\"uk-container uk-container-center\"> <!-- Set Row Full width must use class  of Design block -->\n                               <div class=\"rvsb_design_block bgContent\">   <!-- Set Background of Design block -->\n                                   <div class=\"uk-container uk-container-center\"> <!-- Set Full width must use class rv-block-full of Design block -->\n                                       <div class=\"uk-grid\" data-uk-grid-margin=\"\">\n                                          <div class=\"uk-width-medium-1-1 uk-row-first\">\n                                              <div class=\"RVWYSIWYGAREA\">\n                                              	<br>\n                                                  <h2 class=\"rv-text-center\"><b>Add your own text &nbsp;&nbsp;<hr class=\"clearhr uk-icon uk-icon-sitemap uk-icon-large\" style=\"color:#ffb118; border-top:0;\">&nbsp;&nbsp; description here</b></h2>\n                                                  <p class=\"rv-text-center\" style=\"color:#7e7777;\">This is a text box. Write your own content here. This is an excellent<br> place for you to add a paragraph.</p> \n                                                  <br>\n                                              </div>  \n                                          </div>\n                                       </div>\n                                   </div>\n                               </div>\n                            </div>  \n                        </div>\n                        \n                        <div class=\"mg\">\n                            <div class=\"uk-container uk-container-center\"> <!-- Set Row Full width must use class  of Design block -->\n                               <div class=\"rvsb_design_block bgContent\" style=\"background:#f6f5f6;\">   <!-- Set Background of Design block -->\n                                   <div class=\"uk-container uk-container-center\"> <!-- Set Full width must use class rv-block-full of Design block -->\n                                       <div class=\"uk-grid\" data-uk-grid-margin=\"\">\n                                          <div class=\"uk-width-small-1-1 uk-row-first\">\n                                          	<div class=\"RVWYSIWYGAREA\">\n                                          	<br><br>\n                                          	<h3 class=\"rv-text-center\" style=\"margin-bottom:5px;\">YOUR TITLE HERE</h3>\n                                              <h1 class=\"rv-text-center\" style=\"margin-top:0px; margin-bottom:10px;\"><b>YOUR TITLE HERE</b></h1>\n                                              <div class=\"rv-text-center\"> -------------- &nbsp; <hr class=\"clearhr uk-icon uk-icon-group\" style=\"color:#ffb118; border-top:0;\"> &nbsp; -------------- </div>\n                                              <br><br><br><br>\n                                          	</div>\n                                          </div>\n                                       </div>\n                                    </div>\n                                 </div>\n                             </div>     \n                        </div>\n                        \n                        <!-- b3 -->\n                        <div class=\"mg\">\n                             <div class=\"uk-container uk-container-center\"> <!-- Set Row Full width must use class  of Design block -->  \n                               <div class=\"rvsb_design_block bgContent\">   <!-- Set Background of Design block -->\n                                   <div class=\"uk-container uk-container-center\"> <!-- Set Full width must use class rv-block-full of Design block -->\n                                       \n                                       <div class=\"uk-grid\" data-uk-grid-margin=\"\">\n                                          <div class=\"uk-width-medium-1-2 uk-row-first\">\n                                               <div class=\"uk-grid\" data-uk-grid-margin=\"\">\n                                                  <div class=\"uk-width-small-1-2 uk-row-first\">\n                                                      <div class=\"RVWYSIWYGAREA\" style=\"margin-top:-50px;\">\n                                                          <div class=\"rv-panel-box\">\n                                                              <p class=\"rv-text-center rv-crop-img\"><img src=\"{IMAGE_URL}/ms_250x250/otherimage/solidstockart-stock-photo-preserved-tomatoes-cucumbers-949449.jpg\" style=\"border-radius:5px;\"></p>\n                                                              <h4><b>YOUR TITLE HERE</b></h4>  \n                                                              <p style=\"color:#7e7777;\">This is a text box.<br> Write your own content here.</p>  \n                                                          </div>\n                                                      </div> \n                                                      <div class=\"uk-grid-margin\"></div>  \n                                                  </div>\n                                                  <div class=\"uk-width-small-1-2\">\n                                                      <div class=\"RVWYSIWYGAREA\" style=\"margin-top:-50px;\">\n                                                          <div class=\"rv-panel-box\">\n                                                              <p class=\"rv-text-center rv-crop-img\"><img src=\"{IMAGE_URL}/ms_250x250/otherimage/solidstockart-stock-photo-instructor-guiding-woman-on--1561341.jpg\" style=\"border-radius:5px;\"></p>\n                                                              <h4><b>YOUR TITLE HERE</b></h4> \n                                                              <p style=\"color:#7e7777;\">This is a text box.<br> Write your own content here.</p>      \n                                                          </div>\n                                                      </div> \n                                                      <div class=\"uk-grid-margin\"></div>  \n                                                  </div>\n                                              </div> \n                                        </div>\n                                        \n                                        <div class=\"uk-width-medium-1-2\">  \n                                             <div class=\"uk-grid\" data-uk-grid-margin=\"\"> \n                                                  <div class=\"uk-width-small-1-2 uk-row-first\">\n                                                      <div class=\"RVWYSIWYGAREA\" style=\"margin-top:-50px;\">\n                                                          <div class=\"rv-panel-box\">\n                                                              <p class=\"rv-text-center rv-crop-img\"><img src=\"{IMAGE_URL}/ms_250x250/otherimage/solidstockart-stock-photo-picture-of-businesswoman-wit-568609.jpg\" style=\"border-radius:5px;\"></p>\n                                                              <h4><b>YOUR TITLE HERE</b></h4>  \n                                                              <p style=\"color:#7e7777;\">This is a text box.<br> Write your own content here.</p>      \n                                                          </div>\n                                                      </div> \n                                                      <div class=\"uk-grid-margin\"></div>  \n                                                  </div>\n                                                  <div class=\"uk-width-small-1-2\">\n                                                      <div class=\"RVWYSIWYGAREA\" style=\"margin-top:-50px;\">\n                                                          <div class=\"rv-panel-box\">\n                                                              <p class=\"rv-text-center rv-crop-img\"><img src=\"{IMAGE_URL}/ms_250x250/otherimage/solidstockart-stock-photo-blue-data-against-tablet-in--1712900.jpg\" style=\"border-radius:5px;\"></p>\n                                                              <h4><b>YOUR TITLE HERE</b></h4>    \n                                                              <p style=\"color:#7e7777;\">This is a text box.<br> Write your own content here.</p>   \n                                                          </div>\n                                                      </div> \n                                                      <div class=\"uk-grid-margin\"></div> \n                                                  </div>\n                                          	</div>\n                                         </div> \n                                         \n                                         \n                                          \n                                       </div>\n                                   </div>\n                               </div>\n                            </div>   \n                        </div>\n                        <!-- b3 -->\n                        \n                        <div class=\"mg\">\n                            <div class=\"uk-container uk-container-center\"> <!-- Set Row Full width must use class  of Design block -->\n                               <div class=\"rvsb_design_block bgContent\" style=\"background:#f6f5f6;\">   <!-- Set Background of Design block -->\n                                   <div class=\"uk-container uk-container-center\"> <!-- Set Full width must use class rv-block-full of Design block -->\n                                       <div class=\"uk-grid\" data-uk-grid-margin=\"\">\n                                          <div class=\"uk-width-small-1-1 uk-row-first\">\n                                          	<div class=\"RVWYSIWYGAREA\">\n                                                  <br><br>\n                                                  <h3 class=\"rv-text-center\" style=\"margin-bottom:5px;\">YOUR TITLE HERE</h3>\n                                                  <h1 class=\"rv-text-center\" style=\"margin-top:0px; margin-bottom:10px;\"><b>YOUR TITLE HERE</b></h1>\n                                                  <br><br>\n                                                  <p class=\"rv-text-center\"> Write your own content here. This is an excellent <br>place for you to add a paragraph.</p> \n                                                  <br><br>\n                                               </div>\n                                          </div>\n                                       </div>\n                                    </div>\n                                 </div>\n                             </div>    \n                        </div>\n                       \n                         \n                        </div><!--editable_area_content -->    \n                    </div><!-- End layoutfix -->          \n                </div> <!-- End rv-layout=100 -->\n            </div><!-- End uk-grid -->\n        </div><!-- End uk-container uk-container-center -->\n     </div><!-- End bgContent  --></div>', NULL, NULL, NULL, NULL, NULL, NULL, '0', NULL, NULL, NULL, NULL, NULL, NULL, NULL, '', '', '', NULL, NULL, NULL, NULL, '1514129378', NULL, NULL, '0', '0', '0');
REPLACE INTO `rvs_project_page` (`project_page_id`, `rvs_usr_id`, `page_name`, `custom_page_name`, `rvs_component_id`, `page_data`, `page_data_zone_2`, `page_data_zone_3`, `page_data_zone_4`, `colume_width_1`, `colume_width_2`, `colume_width_3`, `rvs_layout_id`, `head`, `page_title`, `meta_keyword`, `meta_description`, `effect_page_enter`, `duration_page_enter`, `meta_page_effect`, `rvs_link_id`, `target`, `form_template_id`, `i_pathway`, `i_mail`, `i_print`, `i_favorite`, `last_modifier`, `link_active`, `page_type`, `blank_page`, `set_draft`, `is_member_page`) VALUES ('39ed13237bc2b13d7abc235232a1b4ca', 'ccc305aa1ed93637f5f7bd3b8e08397c', 'Privacy Policy', '', '', '\n<!-- wysiwyg get data cannot delete id=layout_zone1 -->\n<div class=\"uk-container uk-container-center rv-block-full\"><style>\n.rv-crop-img  {\n    max-height:240px;\n    overflow:hidden;\n} \n</style> 	\n \n <div>\n        <div class=\"uk-container uk-container-center rv-block-full\">\n            <div class=\"uk-grid\" data-uk-grid-margin=\"\">\n                <div class=\"uk-width-1-1 design-block uk-row-first\" rv-layout=\"100\">\n                    <div class=\"layoutfix\">\n                        <div id=\"editable_area_content\" class=\"editable_area designBlock ui-sortable\"><div class=\"mg\">\n         <div class=\"uk-container uk-container-center \"> <!-- Set Row Full width must use class  of Design block -->\n           <div class=\"rvsb_design_block bgContent\">     <!-- Set Background of Design block -->\n               <div class=\"uk-container uk-container-center \"> <!-- Set Full width must use class  of Design block -->\n                 <div class=\"uk-grid\" data-uk-grid-margin=\"\">\n                    <div class=\"uk-width-small-5-6 uk-row-first\">\n                        <div id=\"editable_area_custom640995b79aae03ea15ef1f15964b54850\" data-ph=\"Editable Area. Backspace tab to remove this block.\" class=\"RVWYSIWYGAREA areaCustom\">\n                            <h2>Privacy and Cookies Policy</h2>\n                            <p><font style=\"font-size: 14px;\">Privacy and Cookies Policy for XLIX EU Limited (the \"Website\")</font></p>\n                        </div>\n                    </div>\n                    <div class=\"uk-width-small-1-6\">\n                        <div id=\"editable_area_custom640995b79aae03ea15ef1f15964b54851\" data-ph=\"Editable Area. Backspace tab to remove this block.\" class=\"RVWYSIWYGAREA areaCustom\">\n                            <p class=\"rv-text-center\"><br></p>\n                        </div>\n                    </div>\n                    <div class=\"uk-row-first\"></div>\n                 </div>\n             </div>\n         </div>\n         </div>\n        </div><div class=\"mg\">\n        <div class=\"uk-container uk-container-center \"> <!-- Set Row Full width must use class  of Design block -->\n         <div class=\"rvsb_design_block bgContent\">         <!-- Set Background of Design block -->\n             <div class=\"uk-container uk-container-center \"> <!-- Set Full width must use class  of Design block -->\n                 <div class=\"uk-grid uk-grid-small\" data-uk-grid-margin=\"\">\n                    <div class=\"uk-width-small-1-1 uk-row-first\">\n                        <div id=\"editable_area_custombda8fa27203d25ede56ef463edc53cbd0\" data-ph=\"Editable Area. Backspace tab to remove this block.\" class=\"RVWYSIWYGAREA areaCustom\"><!--StartFragment--><p style=\"box-sizing: border-box; margin-bottom: 10px; color: rgb(51, 51, 51); font-family: &quot;Helvetica Neue&quot;, Helvetica, Arial, sans-serif; font-size: 14px;\">XLIX EU Limited (\"we\", \"us\" or \"our\") is committed to protecting and respecting your privacy. We own and operate the Website.</p><p style=\"box-sizing: border-box; margin-top: 0px; margin-bottom: 10px; color: rgb(51, 51, 51); font-family: &quot;Helvetica Neue&quot;, Helvetica, Arial, sans-serif; font-size: 14px;\">When you visit the Website, you may have done so having accessed one of the following domain names:</p><ul style=\"box-sizing: border-box; margin-top: 0px; margin-bottom: 10px; color: rgb(51, 51, 51); font-family: &quot;Helvetica Neue&quot;, Helvetica, Arial, sans-serif; font-size: 14px;\"><li style=\"box-sizing: border-box;\">www.xlix.</li><li style=\"box-sizing: border-box;\"><br></li><li style=\"box-sizing: border-box;\"><br></li><li style=\"box-sizing: border-box;\"><br></li><li style=\"box-sizing: border-box;\"><br></li></ul><p style=\"box-sizing: border-box; margin-top: 0px; margin-bottom: 10px; color: rgb(51, 51, 51); font-family: &quot;Helvetica Neue&quot;, Helvetica, Arial, sans-serif; font-size: 14px;\">By accessing any of the above domain names, you will be guided to the Website. This Privacy and Cookies Policy applies to all use of the Website, regardless of which of the above domain names you use to gain access to the Website.</p><p style=\"box-sizing: border-box; margin-top: 0px; margin-bottom: 10px; color: rgb(51, 51, 51); font-family: &quot;Helvetica Neue&quot;, Helvetica, Arial, sans-serif; font-size: 14px;\">This Privacy and Cookies Policy (together with our Terms and Conditions a<history></history>nd any other documents referred to in it) sets out the basis on which any personal data we collect from you, or that you provide to us, will be processed by us. Please read this Privacy and Cookies Policy carefully to understand our views and practices regarding your personal data and how we will treat it.</p><p style=\"box-sizing: border-box; margin-top: 0px; margin-bottom: 10px; color: rgb(51, 51, 51); font-family: &quot;Helvetica Neue&quot;, Helvetica, Arial, sans-serif; font-size: 14px;\">We will only use your personal data in the manner set out in this Privacy and Cookies Policy. We will only use your personal data in a way that is fair to you. We will only collect personal data where it is necessary for us to do so and where it is relevant to our dealings with you. We will only keep your personal data for as long as it is relevant to the purpose for which it was collected or for as long as we are required to keep it by law.</p><p style=\"box-sizing: border-box; margin-top: 0px; margin-bottom: 10px; color: rgb(51, 51, 51); font-family: &quot;Helvetica Neue&quot;, Helvetica, Arial, sans-serif; font-size: 14px;\">For the purpose of the Data Protection Act 1998 (the \"Act\"), the data controller is XLIX EU LTD, a company registered in England and Wales under company number 10595277&nbsp;and with registered office at Curus House 36 Brampton Lane Portsmouth PO3 5TB</p><h3 style=\"box-sizing: border-box; font-family: BebasNeueRegular, Impact, &quot;Arial Black&quot;, Helvetica, Arial, sans-serif; font-weight: 400; line-height: 1.1; color: rgb(51, 51, 51); margin-top: 0px; margin-bottom: 10px; font-size: 24px;\">Information we may collect from you</h3><p style=\"box-sizing: border-box; margin-top: 0px; margin-bottom: 10px; color: rgb(51, 51, 51); font-family: &quot;Helvetica Neue&quot;, Helvetica, Arial, sans-serif; font-size: 14px;\">We may collect and process the following data about you:</p><ul style=\"box-sizing: border-box; margin-top: 0px; margin-bottom: 10px; color: rgb(51, 51, 51); font-family: &quot;Helvetica Neue&quot;, Helvetica, Arial, sans-serif; font-size: 14px;\"><li style=\"box-sizing: border-box;\">Your title, name, date of birth, address, email address, telephone numbers, username, password, business name (if applicable) and such other contact details as we require. This includes information provided at the time of registering to use the Website.</li><li style=\"box-sizing: border-box;\">Information that you provide by filling in forms on the Website. This includes information provided at the time of subscribing to our services or requesting further services. We may also ask you for information when you report a problem with the Website.</li><li style=\"box-sizing: border-box;\">If you contact us, we may keep a record of that correspondence.</li></ul><p style=\"box-sizing: border-box; margin-top: 0px; margin-bottom: 10px; color: rgb(51, 51, 51); font-family: &quot;Helvetica Neue&quot;, Helvetica, Arial, sans-serif; font-size: 14px;\">You should only submit to us or the Website information which is accurate and not misleading. You should keep that information up-to-date and let us know if any of that information changes by emailing us at gdpr@xlix.eu&nbsp;By submitting your or anyone else\'s data to us or the Website, you must ensure that you have full authority and consent to supply us with that data on their behalf and you warrant to us that you have that authority.</p><h3 style=\"box-sizing: border-box; font-family: BebasNeueRegular, Impact, &quot;Arial Black&quot;, Helvetica, Arial, sans-serif; font-weight: 400; line-height: 1.1; color: rgb(51, 51, 51); margin-top: 0px; margin-bottom: 10px; font-size: 24px;\">IP addresses</h3><p style=\"box-sizing: border-box; margin-top: 0px; margin-bottom: 10px; color: rgb(51, 51, 51); font-family: &quot;Helvetica Neue&quot;, Helvetica, Arial, sans-serif; font-size: 14px;\">We may collect information about your computer, including where available your IP address, operating system and browser type, for system administration. This is statistical data about our users\' browsing actions and patterns, and does not identify any individual.</p><h3 style=\"box-sizing: border-box; font-family: BebasNeueRegular, Impact, &quot;Arial Black&quot;, Helvetica, Arial, sans-serif; font-weight: 400; line-height: 1.1; color: rgb(51, 51, 51); margin-top: 0px; margin-bottom: 10px; font-size: 24px;\">Cookies</h3><p style=\"box-sizing: border-box; margin-top: 0px; margin-bottom: 10px; color: rgb(51, 51, 51); font-family: &quot;Helvetica Neue&quot;, Helvetica, Arial, sans-serif; font-size: 14px;\">The Website uses cookies. Cookies are tiny text files which identify your computer to our server as a unique user when you visit certain pages on the Website and they are stored by your Internet browser on your computer\'s hard drive. Cookies can be used to recognise your Internet Protocol address, saving you time while you are on the Website.</p><p style=\"box-sizing: border-box; margin-top: 0px; margin-bottom: 10px; color: rgb(51, 51, 51); font-family: &quot;Helvetica Neue&quot;, Helvetica, Arial, sans-serif; font-size: 14px;\">We only use cookies for your convenience in using the Website and not for obtaining or using any other information about you (for example targeted advertising). Your browser can be set to not accept cookies, but this would restrict your use of the Website.</p><p style=\"box-sizing: border-box; margin-top: 0px; margin-bottom: 10px; color: rgb(51, 51, 51); font-family: &quot;Helvetica Neue&quot;, Helvetica, Arial, sans-serif; font-size: 14px;\">If you want to find out more information about cookies, go to&nbsp;<a href=\"http://www.allaboutcookies.org/\" style=\"box-sizing: border-box; color: rgb(0, 85, 136); text-decoration-style: initial; text-decoration-color: initial;\">http://www.allaboutcookies.org</a>&nbsp;or to find out about removing them from your browser, go to&nbsp;<a href=\"http://www.allaboutcookies.org/manage-cookies/index.html\" style=\"box-sizing: border-box; color: rgb(0, 85, 136); text-decoration-style: initial; text-decoration-color: initial;\">http://www.allaboutcookies.org/manage-cookies/index.html</a>.</p><p style=\"box-sizing: border-box; margin-top: 0px; margin-bottom: 10px; color: rgb(51, 51, 51); font-family: &quot;Helvetica Neue&quot;, Helvetica, Arial, sans-serif; font-size: 14px;\">Please note that we collect data from the Website about use of the Website using a web analysis tool which uses cookies that are (able to be) used to generate pseudonyms for a user\'s profile. This means that use cookies (which may be stored on your computer after you leave the Website) can store information about your visit.</p><p style=\"box-sizing: border-box; margin-top: 0px; margin-bottom: 10px; color: rgb(51, 51, 51); font-family: &quot;Helvetica Neue&quot;, Helvetica, Arial, sans-serif; font-size: 14px;\">Please also note that our suppliers and partners may also use cookies, over which we have no control.</p><p style=\"box-sizing: border-box; margin-top: 0px; margin-bottom: 10px; color: rgb(51, 51, 51); font-family: &quot;Helvetica Neue&quot;, Helvetica, Arial, sans-serif; font-size: 14px;\">The Website uses the following cookies:</p><table border=\"1\" cellspacing=\"0\" cellpadding=\"0\" style=\"box-sizing: border-box; border-spacing: 0px; border-collapse: collapse; background-color: transparent; color: rgb(51, 51, 51); font-family: &quot;Helvetica Neue&quot;, Helvetica, Arial, sans-serif; font-size: 14px;\"><tbody valign=\"top\" style=\"box-sizing: border-box;\"><tr style=\"box-sizing: border-box;\"><th width=\"20%\" style=\"box-sizing: border-box; padding: 0px; text-align: left;\">Name</th><th width=\"20%\" style=\"box-sizing: border-box; padding: 0px; text-align: left;\">Expiration Date</th><th style=\"box-sizing: border-box; padding: 0px; text-align: left;\">Purpose</th></tr><tr style=\"box-sizing: border-box;\"><th style=\"box-sizing: border-box; padding: 0px; text-align: left;\">PHPSESSID</th><td style=\"box-sizing: border-box; padding: 0px;\">Up to 2 years from setup/update</td><td style=\"box-sizing: border-box; padding: 0px;\">This cookie is used to track important logical information for the smooth operation of the site.</td></tr><tr style=\"box-sizing: border-box;\"><th style=\"box-sizing: border-box; padding: 0px; text-align: left;\">pagelimit</th><td style=\"box-sizing: border-box; padding: 0px;\">Up to 2 years from setup/update</td><td style=\"box-sizing: border-box; padding: 0px;\">This cookie is used for the \"Results Per Page\" functionality of the client area, if you choose to use the option.</td></tr><tr style=\"box-sizing: border-box;\"><th style=\"box-sizing: border-box; padding: 0px; text-align: left;\">WHMCSAffiliateID</th><td style=\"box-sizing: border-box; padding: 0px;\">Up to 2 years from setup/update</td><td style=\"box-sizing: border-box; padding: 0px;\">This cookie is used to track if you were referred to the site by an affiliate and lets us track the effectiveness of such referrals.</td></tr><tr style=\"box-sizing: border-box;\"><th style=\"box-sizing: border-box; padding: 0px; text-align: left;\">WHMCSLinkID</th><td style=\"box-sizing: border-box; padding: 0px;\">Up to 2 years from setup/update</td><td style=\"box-sizing: border-box; padding: 0px;\">This cookie is used to track how you entered the site and shows us the effectiveness of our marketing campaigns.</td></tr><tr style=\"box-sizing: border-box;\"><th style=\"box-sizing: border-box; padding: 0px; text-align: left;\">WHMCSUID<br style=\"box-sizing: border-box;\">WHMCSPW</th><td style=\"box-sizing: border-box; padding: 0px;\">Up to 2 years from setup/update</td><td style=\"box-sizing: border-box; padding: 0px;\">These cookies is used for the \"Remember Me\" functionality of the client area, if you choose to tick the option.</td></tr><tr style=\"box-sizing: border-box;\"><th style=\"box-sizing: border-box; padding: 0px; text-align: left;\">__utma<br style=\"box-sizing: border-box;\">__utmb<br style=\"box-sizing: border-box;\">__utmc<br style=\"box-sizing: border-box;\">__utmz<br style=\"box-sizing: border-box;\">__utmv<br style=\"box-sizing: border-box;\">_ga</th><td style=\"box-sizing: border-box; padding: 0px;\">Up to 2 years from setup/update</td><td style=\"box-sizing: border-box; padding: 0px;\">Google Analytics cookies. These cookies are used to collect information about how visitors use the Website. We use the information to compile reports and to help us improve the Website. The cookies collect information in an anonymous form, including the number of visitors to the Website, from where visitors have come to the Website and the pages they visited once at the Website.</td></tr></tbody></table><h3 style=\"box-sizing: border-box; font-family: BebasNeueRegular, Impact, &quot;Arial Black&quot;, Helvetica, Arial, sans-serif; font-weight: 400; line-height: 1.1; color: rgb(51, 51, 51); margin-top: 0px; margin-bottom: 10px; font-size: 24px;\">Where we store your personal data</h3><p style=\"box-sizing: border-box; margin-top: 0px; margin-bottom: 10px; color: rgb(51, 51, 51); font-family: &quot;Helvetica Neue&quot;, Helvetica, Arial, sans-serif; font-size: 14px;\">All information you provide to us is stored on our secure servers. We use industry standard security and firewalls on our servers. Where we have given you (or where you have chosen) a password which enables you to access certain parts of the Website, you are responsible for keeping that password confidential. We ask you not to share a password with anyone.</p><p style=\"box-sizing: border-box; margin-top: 0px; margin-bottom: 10px; color: rgb(51, 51, 51); font-family: &quot;Helvetica Neue&quot;, Helvetica, Arial, sans-serif; font-size: 14px;\">We maintain physical, electronic and procedural safeguards in connection with the collection, storage and disclosure of your information. Our security procedures mean that we may occasionally request proof of identity before we disclose personal information to you.</p><p style=\"box-sizing: border-box; margin-top: 0px; margin-bottom: 10px; color: rgb(51, 51, 51); font-family: &quot;Helvetica Neue&quot;, Helvetica, Arial, sans-serif; font-size: 14px;\">Unfortunately, the transmission of information via the Internet is not completely secure. Although we will do our best to protect your personal data, we cannot guarantee the security of your data transmitted to the Website; any transmission is at your own risk. Once we have received your information, we will use strict procedures and security features to try to prevent unauthorised access.</p><h3 style=\"box-sizing: border-box; font-family: BebasNeueRegular, Impact, &quot;Arial Black&quot;, Helvetica, Arial, sans-serif; font-weight: 400; line-height: 1.1; color: rgb(51, 51, 51); margin-top: 0px; margin-bottom: 10px; font-size: 24px;\">Security</h3><p style=\"box-sizing: border-box; margin-top: 0px; margin-bottom: 10px; color: rgb(51, 51, 51); font-family: &quot;Helvetica Neue&quot;, Helvetica, Arial, sans-serif; font-size: 14px;\">When you make any payment to us through the Website, you must make that payment to us using PayPal or Stripe. We do not collect any payment information from you. When submitting your payment information to PayPal or Stripe, please note that PayPal and Stripe&nbsp;each have their own privacy policies and that we do not accept any responsibility or liability for those privacy policies. Please check those privacy policies before you submit any personal data to PayPal or Stripe.</p><h3 style=\"box-sizing: border-box; font-family: BebasNeueRegular, Impact, &quot;Arial Black&quot;, Helvetica, Arial, sans-serif; font-weight: 400; line-height: 1.1; color: rgb(51, 51, 51); margin-top: 0px; margin-bottom: 10px; font-size: 24px;\">Uses made of the information</h3><p style=\"box-sizing: border-box; margin-top: 0px; margin-bottom: 10px; color: rgb(51, 51, 51); font-family: &quot;Helvetica Neue&quot;, Helvetica, Arial, sans-serif; font-size: 14px;\">We use information held about you in the following ways:</p><ul style=\"box-sizing: border-box; margin-top: 0px; margin-bottom: 10px; color: rgb(51, 51, 51); font-family: &quot;Helvetica Neue&quot;, Helvetica, Arial, sans-serif; font-size: 14px;\"><li style=\"box-sizing: border-box;\">To ensure that content from the Website is presented in the most effective manner for you and for your computer.</li><li style=\"box-sizing: border-box;\">To provide you with billing information in relation to the services that we may provide to you.</li><li style=\"box-sizing: border-box;\">To manage the Website, detect fraud or Website abuses, send you information relevant to the Website and in case we have any queries.</li><li style=\"box-sizing: border-box;\">To carry out our obligations arising from any contracts entered into between you and us.</li><li style=\"box-sizing: border-box;\">To notify you about changes to our services.</li><li style=\"box-sizing: border-box;\">To allow you to register for an account on the Website, which may include sending an email to you to confirm your details.</li><li style=\"box-sizing: border-box;\">To give you a new password if you have forgotten it.</li></ul><p style=\"box-sizing: border-box; margin-top: 0px; margin-bottom: 10px; color: rgb(51, 51, 51); font-family: &quot;Helvetica Neue&quot;, Helvetica, Arial, sans-serif; font-size: 14px;\">We also need to use your contact details and other information for any aspect of the Website (including, without limitation, providing customer support, preventing or investigating prohibited activity, enforcing the terms of us<a href=\"https://www.unlimitedwebhosting.co.uk/terms/terms-of-use\" style=\"box-sizing: border-box; color: rgb(0, 85, 136); text-decoration-style: initial; text-decoration-color: initial;\">Terms of Use</a>&nbsp;and verifying information).</p><p style=\"box-sizing: border-box; margin-top: 0px; margin-bottom: 10px; color: rgb(51, 51, 51); font-family: &quot;Helvetica Neue&quot;, Helvetica, Arial, sans-serif; font-size: 14px;\">We may transfer our databases containing your personal information if we sell our business or part of it to an actual or potential purchaser.</p><p style=\"box-sizing: border-box; margin-top: 0px; margin-bottom: 10px; color: rgb(51, 51, 51); font-family: &quot;Helvetica Neue&quot;, Helvetica, Arial, sans-serif; font-size: 14px;\">We may also disclose your details as described elsewhere in this Privacy and Cookies Policy.</p><p style=\"box-sizing: border-box; margin-top: 0px; margin-bottom: 10px; color: rgb(51, 51, 51); font-family: &quot;Helvetica Neue&quot;, Helvetica, Arial, sans-serif; font-size: 14px;\">Other than as set out in this Privacy and Cookies Policy, we shall NOT sell or disclose your personal data to third parties without obtaining your prior consent unless this is necessary for the purposes set out in this Privacy and Cookies Policy or unless we are required to do so by law.</p><h3 style=\"box-sizing: border-box; font-family: BebasNeueRegular, Impact, &quot;Arial Black&quot;, Helvetica, Arial, sans-serif; font-weight: 400; line-height: 1.1; color: rgb(51, 51, 51); margin-top: 0px; margin-bottom: 10px; font-size: 24px;\">Other websites</h3><p style=\"box-sizing: border-box; margin-top: 0px; margin-bottom: 10px; color: rgb(51, 51, 51); font-family: &quot;Helvetica Neue&quot;, Helvetica, Arial, sans-serif; font-size: 14px;\">The Website may, from time to time, contain links to and from the websites of our partner networks and affiliates. If you follow a link to any of these websites, please note that these websites have their own privacy policies and that we do not accept any responsibility or liability for these policies. Please check these policies before you submit any personal data to these websites.</p><h3 style=\"box-sizing: border-box; font-family: BebasNeueRegular, Impact, &quot;Arial Black&quot;, Helvetica, Arial, sans-serif; font-weight: 400; line-height: 1.1; color: rgb(51, 51, 51); margin-top: 0px; margin-bottom: 10px; font-size: 24px;\">Access to information</h3><p style=\"box-sizing: border-box; margin-top: 0px; margin-bottom: 10px; color: rgb(51, 51, 51); font-family: &quot;Helvetica Neue&quot;, Helvetica, Arial, sans-serif; font-size: 14px;\">The Act gives you the right to access information held about you. Your right of access can be exercised in accordance with the Act. Any access request may be subject to a fee of £10 to meet our costs in providing you with details of the information we hold about you.</p><h3 style=\"box-sizing: border-box; font-family: BebasNeueRegular, Impact, &quot;Arial Black&quot;, Helvetica, Arial, sans-serif; font-weight: 400; line-height: 1.1; color: rgb(51, 51, 51); margin-top: 0px; margin-bottom: 10px; font-size: 24px;\">Consent</h3><p style=\"box-sizing: border-box; margin-top: 0px; margin-bottom: 10px; color: rgb(51, 51, 51); font-family: &quot;Helvetica Neue&quot;, Helvetica, Arial, sans-serif; font-size: 14px;\">By submitting data to us and using the Website, you consent to our use of your data and of anyone you represent in the manner set out in this Privacy and Cookies Policy (as amended from time to time, as described below) and you are responsible for ensuring that you have authority to consent on behalf of anyone about whom you submit data to us.</p><p style=\"box-sizing: border-box; margin-top: 0px; margin-bottom: 10px; color: rgb(51, 51, 51); font-family: &quot;Helvetica Neue&quot;, Helvetica, Arial, sans-serif; font-size: 14px;\">Please note that you can revoke any consent you have given us under this policy at any time by contacting us on gdpr@xlix.eu, and referencing this Privacy and Cookies Policy in the email subject line, using the body of the email to say what consent you are revoking.</p><h3 style=\"box-sizing: border-box; font-family: BebasNeueRegular, Impact, &quot;Arial Black&quot;, Helvetica, Arial, sans-serif; font-weight: 400; line-height: 1.1; color: rgb(51, 51, 51); margin-top: 0px; margin-bottom: 10px; font-size: 24px;\">Changes to our Privacy and Cookies Policy</h3><p style=\"box-sizing: border-box; margin-top: 0px; margin-bottom: 10px; color: rgb(51, 51, 51); font-family: &quot;Helvetica Neue&quot;, Helvetica, Arial, sans-serif; font-size: 14px;\">Any changes we may make to this Privacy and Cookies Policy in the future will be posted on the Website and, where appropriate, notified to you by e-mail. Each time you enter the Website, you agree that the Privacy and Cookies Policy current at that time shall apply to all information held by you.</p><h3 style=\"box-sizing: border-box; font-family: BebasNeueRegular, Impact, &quot;Arial Black&quot;, Helvetica, Arial, sans-serif; font-weight: 400; line-height: 1.1; color: rgb(51, 51, 51); margin-top: 0px; margin-bottom: 10px; font-size: 24px;\">Contact</h3><p style=\"box-sizing: border-box; margin-top: 0px; margin-bottom: 10px; color: rgb(51, 51, 51); font-family: &quot;Helvetica Neue&quot;, Helvetica, Arial, sans-serif; font-size: 14px;\">Questions, comments and requests regarding this Privacy and Cookies Policy are welcomed and should be addressed to gdpr@xlix.eu.</p><p style=\"box-sizing: border-box; margin-top: 0px; margin-bottom: 10px; color: rgb(51, 51, 51); font-family: &quot;Helvetica Neue&quot;, Helvetica, Arial, sans-serif; font-size: 14px;\">This Privacy Policy was most recently updated on 1st February 2017.</p><!--EndFragment-->\n\n</div>\n            \n                    </div>\n                 </div>\n             </div>\n         </div>\n         </div>\n        </div></div><!--editable_area_content -->    \n                    </div><!-- End layoutfix -->          \n                </div> <!-- End rv-layout=100 -->\n            </div><!-- End uk-grid -->\n        </div><!-- End uk-container uk-container-center -->\n     </div><!-- End bgContent  --></div>', NULL, NULL, NULL, NULL, NULL, NULL, '0', NULL, NULL, NULL, NULL, NULL, NULL, NULL, '', '_self', '', NULL, NULL, NULL, NULL, '1514129370', NULL, NULL, '0', '0', '0');
REPLACE INTO `rvs_publish` (`project_id`, `rvs_publish_protocal`, `rvs_publish_domain`, `rvs_publish_path`, `rvs_domain_path`) VALUES ('6e4ea2675b35efb25684f0c4a156d126', 'https', 'xlix.eu', '', '/home/lamcuk/xlixeu');
REPLACE INTO `rvs_template_item` (`template_item_id`, `products_id`, `template_id`, `template_item_folder`, `template_type_s_preview`, `color_id`, `picture_id`) VALUES ('19081d8d14ed25eb8cf0859a99478d61', '25-671-1', '19081d8d14ed25eb8cf0859a99478d61', 'pro_25-671-1_green_LanCable_2', 'jpg', '25', 'c948c68a1ca046981248356ab2bdf74d');
REPLACE INTO `rvs_template_item_navigator_color` (`template_item_id`, `custom_color_group_id`) VALUES ('19081d8d14ed25eb8cf0859a99478d61', '0');
REPLACE INTO `rvs_template` (`template_id`, `default_template_item_id`, `default_template_item_id2`, `font_id`, `menustyle_id`, `navigator_id`, `default_layout_id`, `sort_priority`, `cdate`) VALUES ('19081d8d14ed25eb8cf0859a99478d61', '19081d8d14ed25eb8cf0859a99478d61', '', '12', '2', '293', '', '200', '1477008000');
REPLACE INTO `rvs_menustyle` (`menustyle_id`, `menustyle_description`) VALUES ('2', 'horizontal');
REPLACE INTO `rvs_template_categories_xref` (`template_id`, `rvs_category_id`) VALUES ('19081d8d14ed25eb8cf0859a99478d61', '25');
REPLACE INTO `rvs_template_type_xref` (`template_id`, `template_type_id`) VALUES ('19081d8d14ed25eb8cf0859a99478d61', '6');
REPLACE INTO `rvs_template_type` (`template_type_id`, `template_type_name`) VALUES ('6', 'Clean');
REPLACE INTO `rvs_usr` (`rvs_usr_id`, `user_name`, `charset_id`) VALUES ('ccc305aa1ed93637f5f7bd3b8e08397c', 'lamcuk', '0');
